2, 31
Suppose 4*m - 10821 - 21516 = 1343. List the prime factors of m.
2, 5, 421
Let z(i) = -57*i + 6. Let g be z(-1). Suppose 2*o = 4*p + 2, -4*o = p + 14 - g. What are the prime factors of o?
11
Suppose 8*u + 3 = k + 9*u, -6 = -2*k + 3*u. What are the prime factors of 3 - -45*50/k?
3, 251
Let u(i) = -i**2 - 5*i - 6. Let b be u(-3). Suppose b = -7*l + 878 + 1264. List the prime factors of l.
2, 3, 17
Let l(w) = 2*w**3 + w**2 - w. Let v(c) = c**3 + 26*c**2 + 7*c + 1. Let j(i) = 3*l(i) - v(i). What are the prime factors of j(7)?
11, 47
Suppose 0 = c - 4*t - 35, -13 - 200 = -5*c + t. Let m = 43 - c. Suppose m = -0*s + 3*s - 255. What are the prime factors of s?
5, 17
Let x = -201 - -1491. Suppose 2*c + 326 - x = 0. List the prime factors of c.
2, 241
Let a = -2072 + 10734. List the prime factors of a.
2, 61, 71
Suppose -10*n + 35 = -3*n. Suppose -n*v + 760 = -9*v. Let y = v - -281. What are the prime factors of y?
7, 13
Let p(d) = d**3 + 60*d**2 - 60*d + 13. Let y be p(-61). Suppose -5*b = 5*z + 650, 5*b - 5*z + 690 = -0*b. Let k = y - b. What are the prime factors of k?
2, 43
Suppose -34*n + 10*n - 39588 = -192900. List the prime factors of n.
2, 1597
What are the prime factors of (44696 - -51) + 24/6?
3, 7, 2131
Let a = -837 + 5506. Suppose -15*m = -8*m - a. List the prime factors of m.
23, 29
Let j(g) = -g**3 + 7*g**2 - 6*g + 5. Let o be j(6). Suppose -3*h - o*w + 763 = 0, 2*h = 3*w + 621 - 87. List the prime factors of h.
3, 29
Let u(l) = 20 + 13 - 8*l + 2*l - 4 + 0*l. List the prime factors of u(0).
29
Suppose -59*p = -31*p - 358652. What are the prime factors of p?
12809
Let i be 6 + 2/3 + (-98)/21. Suppose -2*a = -2, -i*u + 13 = -3*a + 2. What are the prime factors of (1*-1)/(u/(-1225))?
5, 7
Suppose -57*v + 122724 + 111261 = 0. What are the prime factors of v?
5, 821
Suppose 45*y = i + 41*y - 14118, -2*y = i - 14070. What are the prime factors of i?
2, 7043
Let l(p) = -2*p**2 + 2*p + 42. Let g be l(6). Let h = g - -23. Suppose -y - 323 = -3*d, h*y = 10 - 35. List the prime factors of d.
2, 53
Suppose 15 = 3*l, -9*o + 5*l = -11*o + 33. Suppose 2*r + 5*k = 307, -12*k = -8*k - o. What are the prime factors of r?
151
Let y be 0 + ((-128)/(-4))/8. Suppose -2*q - 2*n + 484 = -y*n, q = -5*n + 212. What are the prime factors of q?
3, 79
Let y(h) = 22*h**2 + 5*h + 5. Let g be y(-1). Let s = g - 27. What are the prime factors of 6/10 - s/((-25)/(-527))?
2, 53
Suppose -2*r - 451 = -443. List the prime factors of ((-6132)/(-8))/7*(2 - r).
3, 73
Let z = -581 + 589. Suppose -3*n - z*n = -3883. What are the prime factors of n?
353
Let u be (-612)/40 - 33/(-110). List the prime factors of 263/3 + ((-5)/u - 0).
2, 11
Let l(r) = r**2 - 32*r + 15. Suppose c = -i - 14 - 5, 0 = 5*i - 3*c + 55. What are the prime factors of l(i)?
659
Let k be -1 - 12/(-4)*(-1)/(-1). Suppose -l + 4*l = -k*l. Suppose o + n - 232 = 0, -2*n + 6 = -l*n. What are the prime factors of o?
229
Suppose -2*j - 4*u = -176694, 4*j = 1416*u - 1414*u + 353438. What are the prime factors of j?
149, 593
Let r = -94 - -100. Suppose -r*b + 29 = 11. What are the prime factors of b/(147/476 + (-2)/8)?
3, 17
Let s be ((2/6)/(-1))/((-2)/12). Suppose -s*u + 28 = 20. What are the prime factors of u?
2
Suppose -2*f + 3162 = -4*q, -5*f + 2*q - 381 + 8262 = 0. What are the prime factors of f?
3, 5, 7
Suppose 8*w - 7*w - 454 = 4*r, -3*r - 4*w = 331. Let z = -46 - r. What are the prime factors of z?
67
Let n(o) = 3*o**2 - 27*o - 81. Suppose -u + 3*c - 2*c = -27, 5*c = -4*u + 99. List the prime factors of n(u).
3, 5, 83
Suppose -1237 = -g - 977. Let y = g - 131. What are the prime factors of y?
3, 43
Let l = 29 - 22. Suppose 15*r = 982 - l. Let a = -4 + r. What are the prime factors of a?
61
Let g be 6*5/((-75)/(-10)). Let c = g - 25. Let o = 52 - c. What are the prime factors of o?
73
Suppose z + 4801 = 4*w, -2*w = w + z - 3599. Let v = -72 + 81. Suppose -5*b = -v*b + w. List the prime factors of b.
2, 3, 5
Let t = 24565 + -15135. List the prime factors of t.
2, 5, 23, 41
Suppose -7104 = -2*k - 6*k. List the prime factors of 6*2/24*k.
2, 3, 37
Suppose -45336 = -2*f + 36552. Suppose -f = -38*d - 11456. List the prime factors of d.
2, 97
Let x be 2/((-1)/26 + 0/(-10)). Let c = 251 + x. List the prime factors of c.
199
What are the prime factors of -1373*((-66)/36 + (-5)/(-6))?
1373
Let j(t) = 7519*t**3 - t**2 - 5*t + 7. Let z be j(1). Suppose 0*g + 10*g = z. What are the prime factors of g?
2, 47
Let c = -1211 + 8915. What are the prime factors of c?
2, 3, 107
Let o(m) = 425*m**2 - 18*m - 1. Let s be o(3). Suppose 28*r = 2*r + s. List the prime factors of r.
5, 29
Suppose -130*h = 72*h - 410464. What are the prime factors of h?
2, 127
Let k(b) = -b**3 - 24*b**2 - 62*b + 26. Let s be k(-21). Suppose 28 = s*u + 3. List the prime factors of u.
5
Suppose 0 = -4*h + 5*p + 22271, h + 127*p = 128*p + 5567. What are the prime factors of h?
2, 13, 107
Let w = 3105 + 3157. List the prime factors of w.
2, 31, 101
Suppose -4*s = 3*p + 9 - 2, -19 = -5*p + s. Suppose d + 16 - 1 = 5*v, p*d = 0. Suppose -c = v*c + 3*q - 341, 5*q = -2*c + 181. List the prime factors of c.
83
Let y = -790 + 793. Suppose y*f + 101 = 2738. What are the prime factors of f?
3, 293
Suppose 5*k = 4*i - 26580, 0 = 7*i - 6*k + 10*k - 46464. What are the prime factors of i?
2, 5, 83
Let o(c) = -c**3 + c**2 - 2*c + 847. Let z = -477 - -477. List the prime factors of o(z).
7, 11
Suppose 56 = r + 6. Let f = r - 59. List the prime factors of 63 - (-3 + 0)*(-3)/f.
2
Let s be (-3 - (-28)/8)*10. Suppose 0 = s*i - 3*x - 4313, -2*i - 3*x + x = -1722. List the prime factors of i.
2, 431
Let y be ((-13)/156)/(2/6)*4. What are the prime factors of 2700/3 - (y - 2)?
3, 7, 43
Let q = 12230 - -16016. List the prime factors of q.
2, 29, 487
Let g(b) = -3*b**3 + 19*b**2 + 9*b + 10. Let w be (2 + 0)*7/2. Let o be g(w). List the prime factors of (-4)/(-10) + (-640)/o.
2, 13
What are the prime factors of 8679 + (13 - 1)*((-104)/(-16))/(-13)?
3, 7, 59
Let t(v) = v**2 - 4*v - 21. Let k be t(7). Suppose -8*l + 2025 + 303 = k. What are the prime factors of l?
3, 97
Let v = 8293 + -8222. Let c(a) = 7*a**2 + a - 2. Let d be c(-4). Suppose -o + d = -v. List the prime factors of o.
3, 59
Let x = 636 + -862. Let u = 925 + x. What are the prime factors of u?
3, 233
Let t = 14546 + -1281. What are the prime factors of t?
5, 7, 379
List the prime factors of -4*(-1444469)/46*(-3)/(-6).
13, 4831
Let y = 976 + 38. Suppose -1011*v = -y*v + 1197. List the prime factors of v.
3, 7, 19
Let p = -42090 - -70260. What are the prime factors of p?
2, 3, 5, 313
Suppose 4*a + 5*y = 16498, -2*a + 2*y + 8204 = -3*y. List the prime factors of a.
23, 179
Let x = 100 - 111. Let c(y) = -15*y - 21. Let a(s) = 14*s + 22. Let o(m) = 3*a(m) + 4*c(m). What are the prime factors of o(x)?
2, 3, 5
Let n(j) = -j + 1 - 25*j**3 - 1. Suppose 29 + 24 = -53*w. List the prime factors of n(w).
2, 13
Let w(d) = -70*d**2 - 1. Let m(l) = -l**2 - 3*l. Let p be m(-2). Let q be w(p). Let j = q - -490. List the prime factors of j.
11, 19
Let k be 184/14 + 1 + 32/(-28). Suppose k*r = -107 + 7413. List the prime factors of r.
2, 281
Let i = 38044 + -15368. List the prime factors of i.
2, 5669
Let z(d) = -d + 17. Let w(j) = -6*j - 3 + 5*j + 3. Let t be w(-5). What are the prime factors of z(t)?
2, 3
Let c(h) = h**2 + 40*h + 8. Let t be c(-26). Let b = t - -766. What are the prime factors of b?
2, 5, 41
Let v = -189 - -186. Let c(o) = -21*o**3 - 5*o**2 + 14. What are the prime factors of c(v)?
2, 67
Let i = -27 - -42. Let c(f) = f**2 - 16*f + 20. Let a be c(i). Suppose -a*q + 195 = -2*q. List the prime factors of q.
5, 13
Suppose -25427 = -4*v - p, -2*v + p + 8452 = -4263. List the prime factors of v.
3, 13, 163
Let d = 20769 + 3182. List the prime factors of d.
43, 557
Suppose 5*w + 189 = 3*p + 3*w, 4*p - 2*w - 254 = 0. Let x = 89 - p. What are the prime factors of x?
2, 3
List the prime factors of (326544/32)/((-2)/(-4) - -1).
6803
Let w = 116 - 104. Suppose w*g = 323 + 85. List the prime factors of g.
2, 17
Let f = 22810 - 7332. What are the prime factors of f?
2, 71, 109
Let z be -249*((-8)/4 - (3 + -4)). Suppose w = z + 442. What are the prime factors of w?
691
Let i(g) = 37*g - 4. Suppose 2*z - 3*h + 10 = z, -z - 4*h